of 13*q**6/120 - q**3/6 - 20*q**2. Calculate k(1).
12
Suppose 0 = 4*y + 2*u - 4, u + 3*u - 2 = -2*y. Let p be (-1 + y)/(-3 + 4). Let c(m) = m**3 + m + 1. What is c(p)?
1
Let u be (-2 - (-4 + 3))*-1. Let q(c) = -1 - 1 + 5*c - u. Calculate q(2).
7
Let q be (-2 - 1) + (-9)/(-9). Let r(w) be the second derivative of w**5/10 + w**4/6 - w**3/6 + w**2/2 + 2*w. Calculate r(q).
-5
Let q(g) = -3*g**3 - 3*g**2 + 2*g - 5. Let p(j) = -10*j**3 - 9*j**2 + 6*j - 16. Let z(a) = -2*p(a) + 7*q(a). Give z(2).
-19
Let v(b) = 3*b. Suppose 0 = 4*m + 4*h - 32, -h = -m + h - 4. Suppose -5*f + m*q = 14, 2*f + 3*q + 2 = 1. Calculate v(f).
-6
Let k(a) be the second derivative of a**5/30 + a**4/12 - a**3/3 - a**2 - 2*a. Let v(y) be the first derivative of k(y). Give v(-2).
2
Let a(l) = l**3 + 4*l**2 - 5. Let j(n) = -5*n + 1. Let r(d) = d**2 + 7*d + 9. Let m be r(-6). Suppose -4*i + m + 1 = 0. Let h be j(i). Give a(h).
-5
Let g(c) be the third derivative of -c**5/40 + 5*c**4/24 - c**3/3 + 3*c**2. Let i(q) be the first derivative of g(q). Calculate i(4).
-7
Let u(b) be the second derivative of b**3/3 - 5*b**2/2 - 2*b. Let m(r) = -3*r**3 + 2*r**2 + r. Let i be m(2). Let k = i - -20. Give u(k).
7
Suppose q + 3*v = -9, 5*v + 12 = -2*q + v. Let u(r) = r**3 + r**2 - r + 5. Give u(q).
5
Let t be (-2)/6 + 6/(-9). Let z = -4 + t. Let a(d) = -3*d**3 - 3*d**2 - 3. Let c(g) = -16*g**3 - 14*g**2 + g - 14. Let l(x) = -11*a(x) + 2*c(x). Determine l(z).
-5
Suppose -2*w - 2*w - 20 = 2*c, -5*w + 2 = -2*c. Let o(p) = p. Give o(c).
-6
Let f(l) = -4*l**3 + 6*l**2 - l - 5. Let j(q) = -5*q**3 + 6*q**2 - 5. Let d(h) = 4*f(h) - 3*j(h). Give d(5).
0
Let w(l) = 13*l**3 - l**2 + l + 1. Let p = 10 + -16. Let a = p - -5. What is w(a)?
-14
Let m(w) = w**3 + 4*w**2 - 2*w - 6. Suppose 2*r = -12 - 10. Let q = 7 + r. What is m(q)?
2
Let z(r) = 4 - 4 + r. Let v = -2 - -2. Let a be z(v). Let c(j) = j**3 - j**2 + j + 3. Calculate c(a).
3
Let i be 1/3*(11 + 4). Let x(v) = -v**2 + 5*v + 7. What is x(i)?
7
Suppose 2*f - 2*w + 10 = 0, -2*w = -f + 2*w - 2. Let i(o) = -o**2 - 6*o + 7. Give i(f).
7
Let q(r) = 2*r**3 + 5*r**2 + 2*r + 1. Let a(s) = -4 + 8 + 1 + 0 + 2*s. Let v be a(-4). Determine q(v).
-14
Let l(d) be the third derivative of d**4/12 + 5*d**3/3 - 2*d**2. Calculate l(-7).
-4
Let j(c) be the first derivative of -c**5/40 - c**4/24 + 2*c**3/3 - 2. Let a(n) be the third derivative of j(n). Let s be (140/(-25))/(-7)*(-10)/4. Give a(s).
5
Let k(c) = 5*c**3 - 9*c**2 - 2*c + 8. Let y be (-10)/25 - 44/(-10). Let p(o) = -11*o**3 + 19*o**2 + 4*o - 17. Let f(l) = y*p(l) + 9*k(l). Calculate f(5).
-6
Let k(y) = -y**3 - y**2 - 4*y + 6. Let w(l) = l**3 + 3*l - 5. Let o(p) = 4*k(p) + 5*w(p). Determine o(2).
-11
Let f(a) = 12*a**3 - a + 3. Let m(c) = 12*c**3 - c + 4. Let x(d) = -4*f(d) + 3*m(d). Calculate x(-1).
11
Let j(x) = -49*x + 10 + 28*x - x**2 + 27*x. Calculate j(7).
3
Suppose 3*c - 21 = -2*a, a + 0*c - 38 = 4*c. Suppose 66 = 4*p - a. Suppose 0*o - 5*q = 3*o - 9, 5*q - p = 3*o. Let t(j) = -j**3 - j**2 + j + 2. Calculate t(o).
4
Let w(f) be the second derivative of -4*f + f**2 + 0 - f**3 - 1/3*f**4 + 1/20*f**5. Calculate w(5).
-3
Let n(x) be the second derivative of x**5/20 - x**4/3 + 2*x**3/3 + x**2/2 - 3*x. Determine n(3).
4
Let u(g) = 8*g + 3. Suppose 5*a - 12 - 7 = -3*t, 4*t - 3*a = 6. Let x be u(t). Suppose 0 = 5*v + x - 7. Let k(j) = -j - 7. Determine k(v).
-3
Suppose 4*u + 5*s - 2 = 0, -2*u - 3*s - 18 = -6*u. Let h(v) = v - 1. Let d be h(u). Let a(j) = -5*j**2 + 0 + 3 + 4*j**d + 2*j. Give a(4).
-5
Let v(r) = 2*r - 67 - 3*r + 66. Determine v(3).
-4
Let z(d) = 11*d**3 + 8*d**2 + 15*d + 15. Let l(r) = 5*r**3 + 4*r**2 + 7*r + 7. Let m(n) = 9*l(n) - 4*z(n). Suppose 4*p - u = -20, 2*u + 16 = 6*u. What is m(p)?
-9
Let n(k) = k**3 + 4*k**2 - 2*k - 6. Let p(a) = -a**3 + a**2 - a + 2. Let g be p(-2). Let t = 12 - g. Calculate n(t).
2
Let i(v) be the first derivative of -1/2*v**2 - 5*v - 3. Let q(p) = -4*p. Let k be q(1). Determine i(k).
-1
Let d(z) = -15*z**3 + 29*z**3 - z - 8*z**3. What is d(-1)?
-5
Let x(y) = y - 2. Let b be x(6). Suppose -b*l - 5*r = 12, -2*r + 3 = -l - 0. Let a(s) = -s**3 - 4*s**2 - 2*s + 1. What is a(l)?
-2
Let h(q) = -9*q + 1. Suppose -5*w + 4 = -2*p, 4*w - 10 = 2*p + 3*p. Suppose 5*z + 9 = k - 0, 2*k - z = 9. Suppose v - 4*y = -3, 4*y - 8 = -w*v - k*v. Give h(v).
-8
Let x(i) = -2*i - 9. Let y(c) = -c**3 + 10*c**2 - 7*c - 13. Let r be y(9). Let s(b) = -6*b + r*b - 7 + 6. Let w(f) = -6*s(f) + x(f). Calculate w(3).
9
Suppose 1 + 5 = 2*p. Let w(j) = -2*j + 1 + j**2 - 6 + 8. Give w(p).
6
Let l be 10/(-4) - (-1)/(-2). Suppose 3*s = 2 + 4. Let a(c) = 0 - 2 + c**s + 4 + 2*c. Calculate a(l).
5
Let u(z) = z**2 + 2*z - 4. Let w be u(-4). Suppose 0*m = -2*m + w. Let j(s) = -5 + m - 2 + 3*s. Give j(4).
7
Let v(f) = -4 - 2 + f + 3 + 5. Calculate v(3).
5
Let w(u) = -3*u - 4. Let h(d) = 1. Let r(b) = -5*h(b) - w(b). Let l = 9 - 5. Suppose k = v + 4, l*v + 0 = -4*k - 24. Calculate r(k).
-4
Let u(x) = -x - 2. Let a(d) = -6*d + 45. Let f be a(8). What is u(f)?
1
Suppose -7*z + 30 = -2*z. Suppose -4*j + z = -3*j. Let t = -12 + j. Let s(k) = -k**3 - 6*k**2 - 3. Determine s(t).
-3
Let o = 141 - 145. Let s(l) = -l**2 - 7*l + 4. What is s(o)?
16
Let r(l) be the first derivative of -l**4/4 - l**2/2 + 7*l - 12. Give r(0).
7
Let o(k) = -4*k - 2*k**2 + 4*k - 2*k + 2*k**3 + 3*k. Give o(1).
1
Let w(a) = 2 - 3*a + 5 - 1. Let b be ((-6)/(-9))/(1/6). Suppose -b + 0 = -i. Give w(i).
-6
Suppose 0 = 4*s - 4*t + 8, 2*s - 4*t - 2 = -8. Let u(a) = -6*a**3 - a**2. What is u(s)?
5
Let r = 1 - 0. Let z = r + 4. Let h(c) = -c**3 + 6 - 3*c**3 + z*c**2 + 3*c**3. Determine h(5).
6
Let g(s) = -s + s + 4*s + s - 3. Determine g(2).
7
Let b(q) = q**3 - 4*q**2 - 6. Let f(g) = -6*g**3 + 19*g**2 - g + 29. Let r(d) = 11*b(d) + 2*f(d). What is r(-6)?
4
Let g(t) = t + 4. Let v = -3 + 0. Let u be v + (-1)/(2/(-6)). What is g(u)?
4
Let a = 51 - 47. Let i(m) = -4*m + 5. Determine i(a).
-11
Suppose -7*n = -3*i - 3*n + 34, 2*i + 4*n - 16 = 0. Suppose 0 = a - 6*a + i. Let d(q) = 0*q + 0 - a*q + 3*q + 1. Calculate d(-5).
-4
Let g(x) = -8*x. Suppose 4 - 5 = -a. Calculate g(a).
-8
Let i(c) = -10*c**3 - 19*c**2 + 14*c - 6. Let y(z) = -7*z**3 - 13*z**2 + 9*z - 4. Let s(q) = 5*i(q) - 7*y(q). Determine s(-5).
-12
Let n(m) be the third derivative of 0 - 3*m**2 + 1/120*m**6 - 1/60*m**5 + 0*m**4 + 0*m + 5/6*m**3. What is n(0)?
5
Suppose 4*d = 7*d + 6. Let o be (-1)/((5 - 2) + d). Let i(a) = 6*a**3 + 2*a**2 + 2*a + 1. Calculate i(o).
-5
Let j(s) = 2*s**2 + 11*s - 4. Let b(g) = g**2 + 6*g - 2. Let y(p) = -11*b(p) + 6*j(p). Give y(2).
2
Let f(q) = 4*q**2 - q + 2*q**2 + 0*q**3 + q**3 + 5*q - 7. Let s be f(-5). Let h(d) = 2*d**2 + 2*d - 1. What is h(s)?
3
Let y(u) = -u + 4. Suppose -3*k - 12 = -3*r - 0*k, -3*k = 5*r - 44. What is y(r)?
-3
Let b(u) be the third derivative of -u**4/12 + 3*u**3/2 - 4*u**2. Give b(6).
-3
Let g(l) = -l**3 + l. Let c(i) = -i + 6. Let p be c(8). Determine g(p).
6
Let s be 2/(-8) + 20/16. Let j(t) = 2*t. What is j(s)?
2
Let p(i) be the first derivative of -i**4/4 - 4*i**3/3 + 5*i - 32. Give p(-4).
5
Let w be 3 + 1 - 6 - -6. Let q(d) be the first derivative of d**2/2 + 2*d + 1. Give q(w).
6
Let o(k) = -2*k + 2*k - 3*k + 4*k. Give o(2).
2
Let x(s) be the second derivative of s**3/6 - 4*s**2 + s. Suppose -3*j = -2*j - 2. Let m = j + -2. Determine x(m).
-8
Let o(g) = -4*g**2 + 10*g - 2. Let u(m) = -m**2 + m - 1. Let h(n) = -o(n) + 5*u(n). Suppose -1 = -6*p + 5*p. Suppose 5 = -2*d - p. What is h(d)?
3
Let l(u) be the first derivative of -u**2/2 - 19*u + 41. Determine l(0).
-19
Let w(l) = -l**3. Let n(r) = 2*r**2 + 5*r + 3. Suppose -h + 1 = -2*q - 3, -5*q + 2*h - 10 = 0. Let o be n(q). Give w(o).
-1
Suppose -3*i - 3*m = -16 + 4, -4*m + 16 = -2*i. Let s be (2/(-6) + i)*-12. Let d(u) = s*u - 4*u - 3*u - 1. Calculate d(-1).
2
Let d be (-5)/2*12/(-10). Let l(v) = -4 - 2*v + 2*v**2 - 6 + 13 - 2 - v**3. Calculate l(d).
-14
Let v(u) = -u**2 + 1. Suppose 0*i + 2*k = i + 15, 4*i + 2*k = -10. Let w = -3 - i. Suppose 4*r - 5*r - w = 0. What is v(r)?
-3
Let c(r) = -2*r + 3. Let t(p) = 2*p - 3. Let i(f) = -6*c(f) - 5*t(f). Let y be 80/15 + 1/(-3). Determine i(y).
7
Let d = -8 + 6. Let j(k) = -k**2 - 7*k - 2. Let h(m) = m**2 + 8*m + 3. Let i(z) = d*h(z) - 3*j(z